{"id":1080,"date":"2018-11-07T10:03:40","date_gmt":"2018-11-07T13:03:40","guid":{"rendered":"https:\/\/isfdhasenkamp-ers.infd.edu.ar\/sitio\/?page_id=1080"},"modified":"2025-09-22T11:43:35","modified_gmt":"2025-09-22T14:43:35","slug":"requisitos-ingresantes-2019","status":"publish","type":"page","link":"https:\/\/isfdhasenkamp-ers.infd.edu.ar\/sitio\/requisitos-ingresantes-2019\/","title":{"rendered":"REQUISITOS INGRESANTES 2026"},"content":{"rendered":"<p style=\"text-align: center;\"><strong><img decoding=\"async\" loading=\"lazy\" class=\"wp-image-1564 size-thumbnail alignright\" src=\"https:\/\/isfdhasenkamp-ers.infd.edu.ar\/sitio\/wp-content\/uploads\/2019\/12\/REQUISITOS-1-500x300.jpg\" alt=\"\" width=\"500\" height=\"300\">Requisitos para los ingresantes ciclo lectivo 2025<\/strong><\/p>\n<ul>\n<li>carpeta tipo archivo colgante<\/li>\n<li>fotocopias:\n<ul>\n<li>DNI<\/li>\n<li>Partida de nacimiento<\/li>\n<li>T\u00edtulo de educaci\u00f3n secundaria (autenticado) o&nbsp;constancia en tr\u00e1mite.<\/li>\n<\/ul>\n<\/li>\n<li>Grupo sangu\u00edneo.<\/li>\n<li>Constancia de CUIL<\/li>\n<li>dos fotos 4&#215;4 para legajo y libreta estudiantil<\/li>\n<li>Planilla de inscripci\u00f3n (consultar en IES)<\/li>\n<\/ul>\n<p><em><strong>Para la carrera de T\u00e9cnico Sup. en Enfermer\u00eda<\/strong><\/em>:<\/p>\n<p>los mismos requisitos expresados arriba, m\u00e1s:<\/p>\n<ul>\n<li>Certificado de buena salud<\/li>\n<li>certificado bucodental<\/li>\n<li>vacunaci\u00f3n completa (Hepatitis B, Doble Adulto, Antigripal)<\/li>\n<\/ul>\n","protected":false},"excerpt":{"rendered":"<p>Requisitos para los ingresantes ciclo lectivo 2025 carpeta tipo archivo colgante fotocopias: DNI Partida de nacimiento T\u00edtulo de educaci\u00f3n secundaria (autenticado) o&nbsp;constancia en tr\u00e1mite. Grupo sangu\u00edneo. Constancia de CUIL dos fotos 4&#215;4 para legajo y libreta estudiantil Planilla de inscripci\u00f3n (consultar en IES) Para la carrera de T\u00e9cnico Sup. en Enfermer\u00eda: los mismos requisitos expresados &#8230; <a title=\"REQUISITOS INGRESANTES 2026\" class=\"read-more\" href=\"https:\/\/isfdhasenkamp-ers.infd.edu.ar\/sitio\/requisitos-ingresantes-2019\/\" aria-label=\"More on REQUISITOS INGRESANTES 2026\">[+]<\/a><\/p>\n","protected":false},"author":119,"featured_media":0,"parent":0,"menu_order":0,"comment_status":"closed","ping_status":"closed","template":"","meta":[],"acf":[],"_links":{"self":[{"href":"https:\/\/isfdhasenkamp-ers.infd.edu.ar\/sitio\/wp-json\/wp\/v2\/pages\/1080"}],"collection":[{"href":"https:\/\/isfdhasenkamp-ers.infd.edu.ar\/sitio\/wp-json\/wp\/v2\/pages"}],"about":[{"href":"https:\/\/isfdhasenkamp-ers.infd.edu.ar\/sitio\/wp-json\/wp\/v2\/types\/page"}],"author":[{"embeddable":true,"href":"https:\/\/isfdhasenkamp-ers.infd.edu.ar\/sitio\/wp-json\/wp\/v2\/users\/119"}],"replies":[{"embeddable":true,"href":"https:\/\/isfdhasenkamp-ers.infd.edu.ar\/sitio\/wp-json\/wp\/v2\/comments?post=1080"}],"version-history":[{"count":15,"href":"https:\/\/isfdhasenkamp-ers.infd.edu.ar\/sitio\/wp-json\/wp\/v2\/pages\/1080\/revisions"}],"predecessor-version":[{"id":2463,"href":"https:\/\/isfdhasenkamp-ers.infd.edu.ar\/sitio\/wp-json\/wp\/v2\/pages\/1080\/revisions\/2463"}],"wp:attachment":[{"href":"https:\/\/isfdhasenkamp-ers.infd.edu.ar\/sitio\/wp-json\/wp\/v2\/media?parent=1080"}],"curies":[{"name":"wp","href":"https:\/\/api.w.org\/{rel}","templated":true}]}}