{"id":2364,"date":"2025-02-25T16:38:01","date_gmt":"2025-02-25T19:38:01","guid":{"rendered":"https:\/\/isfdhasenkamp-ers.infd.edu.ar\/sitio\/?page_id=2364"},"modified":"2025-02-25T16:54:39","modified_gmt":"2025-02-25T19:54:39","slug":"diseno-curricular-2","status":"publish","type":"page","link":"https:\/\/isfdhasenkamp-ers.infd.edu.ar\/sitio\/diseno-curricular-2\/","title":{"rendered":"Dise\u00f1o curricular P.E.S.E."},"content":{"rendered":"\n<p><strong><em>Profesorado de Educaci\u00f3n Secundaria en Econom\u00eda<\/em><\/strong><\/p>\n\n\n\n<p><strong><em>Dise\u00f1o \u2013&nbsp;<a href=\"https:\/\/drive.google.com\/file\/d\/1w0nbGSSYElQdhujlYOSmL0XQt7LxamxT\/view?usp=sharing\">Res.4795\/15 CGE<\/a><\/em><\/strong><\/p>\n","protected":false},"excerpt":{"rendered":"<p>Profesorado de Educaci\u00f3n Secundaria en Econom\u00eda Dise\u00f1o \u2013&nbsp;Res.4795\/15 CGE<\/p>\n","protected":false},"author":299,"featured_media":0,"parent":0,"menu_order":0,"comment_status":"closed","ping_status":"closed","template":"","meta":[],"acf":[],"_links":{"self":[{"href":"https:\/\/isfdhasenkamp-ers.infd.edu.ar\/sitio\/wp-json\/wp\/v2\/pages\/2364"}],"collection":[{"href":"https:\/\/isfdhasenkamp-ers.infd.edu.ar\/sitio\/wp-json\/wp\/v2\/pages"}],"about":[{"href":"https:\/\/isfdhasenkamp-ers.infd.edu.ar\/sitio\/wp-json\/wp\/v2\/types\/page"}],"author":[{"embeddable":true,"href":"https:\/\/isfdhasenkamp-ers.infd.edu.ar\/sitio\/wp-json\/wp\/v2\/users\/299"}],"replies":[{"embeddable":true,"href":"https:\/\/isfdhasenkamp-ers.infd.edu.ar\/sitio\/wp-json\/wp\/v2\/comments?post=2364"}],"version-history":[{"count":2,"href":"https:\/\/isfdhasenkamp-ers.infd.edu.ar\/sitio\/wp-json\/wp\/v2\/pages\/2364\/revisions"}],"predecessor-version":[{"id":2374,"href":"https:\/\/isfdhasenkamp-ers.infd.edu.ar\/sitio\/wp-json\/wp\/v2\/pages\/2364\/revisions\/2374"}],"wp:attachment":[{"href":"https:\/\/isfdhasenkamp-ers.infd.edu.ar\/sitio\/wp-json\/wp\/v2\/media?parent=2364"}],"curies":[{"name":"wp","href":"https:\/\/api.w.org\/{rel}","templated":true}]}}