{"id":2367,"date":"2025-02-25T16:44:44","date_gmt":"2025-02-25T19:44:44","guid":{"rendered":"https:\/\/isfdhasenkamp-ers.infd.edu.ar\/sitio\/?page_id=2367"},"modified":"2025-02-25T16:49:11","modified_gmt":"2025-02-25T19:49:11","slug":"correlatividades-2","status":"publish","type":"page","link":"https:\/\/isfdhasenkamp-ers.infd.edu.ar\/sitio\/correlatividades-2\/","title":{"rendered":"Correlatividades P.E.S.E."},"content":{"rendered":"\n<p><strong><em>Profesorado de Educaci\u00f3n Secundaria en Econom\u00eda<\/em><\/strong><\/p>\n\n\n\n<p><strong><em><strong><em>correlatividades&nbsp;<a href=\"https:\/\/isfdhasenkamp-ers.infd.edu.ar\/aula\/archivos\/repositorio\/\/0\/122\/Correlat_de_Prof._Economia_Resolucion_1441_2017.pdf\"><strong>Correlat_de_Prof._Economia_Resolucion_1441_2017.pdf<\/strong><\/a><\/em><\/strong><\/em><\/strong><\/p>\n\n\n\n<p><strong><em>r\u00e9gimen de correlatividades vigente a partir del a\u00f1o 2023&nbsp;<a href=\"https:\/\/drive.google.com\/file\/d\/1oGPn9i1sTCAwaEgV8aVYzlFNIg1VpmuK\/view?usp=sharing\">Resoluci\u00f3n 0337\/23<\/a><\/em><\/strong><\/p>\n","protected":false},"excerpt":{"rendered":"<p>Profesorado de Educaci\u00f3n Secundaria en Econom\u00eda correlatividades&nbsp;Correlat_de_Prof._Economia_Resolucion_1441_2017.pdf r\u00e9gimen de correlatividades vigente a partir del a\u00f1o 2023&nbsp;Resoluci\u00f3n 0337\/23<\/p>\n","protected":false},"author":299,"featured_media":0,"parent":0,"menu_order":0,"comment_status":"closed","ping_status":"closed","template":"","meta":[],"acf":[],"_links":{"self":[{"href":"https:\/\/isfdhasenkamp-ers.infd.edu.ar\/sitio\/wp-json\/wp\/v2\/pages\/2367"}],"collection":[{"href":"https:\/\/isfdhasenkamp-ers.infd.edu.ar\/sitio\/wp-json\/wp\/v2\/pages"}],"about":[{"href":"https:\/\/isfdhasenkamp-ers.infd.edu.ar\/sitio\/wp-json\/wp\/v2\/types\/page"}],"author":[{"embeddable":true,"href":"https:\/\/isfdhasenkamp-ers.infd.edu.ar\/sitio\/wp-json\/wp\/v2\/users\/299"}],"replies":[{"embeddable":true,"href":"https:\/\/isfdhasenkamp-ers.infd.edu.ar\/sitio\/wp-json\/wp\/v2\/comments?post=2367"}],"version-history":[{"count":2,"href":"https:\/\/isfdhasenkamp-ers.infd.edu.ar\/sitio\/wp-json\/wp\/v2\/pages\/2367\/revisions"}],"predecessor-version":[{"id":2372,"href":"https:\/\/isfdhasenkamp-ers.infd.edu.ar\/sitio\/wp-json\/wp\/v2\/pages\/2367\/revisions\/2372"}],"wp:attachment":[{"href":"https:\/\/isfdhasenkamp-ers.infd.edu.ar\/sitio\/wp-json\/wp\/v2\/media?parent=2367"}],"curies":[{"name":"wp","href":"https:\/\/api.w.org\/{rel}","templated":true}]}}