{"id":2388,"date":"2025-02-26T09:51:18","date_gmt":"2025-02-26T12:51:18","guid":{"rendered":"https:\/\/isfdhasenkamp-ers.infd.edu.ar\/sitio\/?page_id=2388"},"modified":"2025-02-26T10:01:18","modified_gmt":"2025-02-26T13:01:18","slug":"area-docentes","status":"publish","type":"page","link":"https:\/\/isfdhasenkamp-ers.infd.edu.ar\/sitio\/area-docentes\/","title":{"rendered":"\u00c1rea Docentes"},"content":{"rendered":"\n<p><strong><em>Concursos <\/em><\/strong><\/p>\n\n\n\n<p><strong>Lineamientos para presentar proyectos <\/strong><\/p>\n\n\n\n<p>                          <a href=\"https:\/\/drive.google.com\/file\/d\/1BXHPonsOIx4D-5afP7V2d-7mayyBPhQi\/view?usp=sharing\">Lineamientos para presentar proyectos<\/a><\/p>\n\n\n\n<p>                          <a href=\"https:\/\/drive.google.com\/file\/d\/1bba921OtiA9-WMcvxbYWgCv1WST0wM11\/view?usp=sharing\">Resoluci\u00f3n para evaluaci\u00f3n de proyectos<\/a><\/p>\n\n\n\n<p><strong>Planilla FU <\/strong>(<a href=\"https:\/\/drive.google.com\/file\/d\/15ZP0RDPSuWbPDHCIzz7WQQUy5YsYhjno\/view?usp=sharing\">formulario \u00fanico<\/a>) <\/p>\n","protected":false},"excerpt":{"rendered":"<p>Concursos Lineamientos para presentar proyectos Lineamientos para presentar proyectos Resoluci\u00f3n para evaluaci\u00f3n de proyectos Planilla FU (formulario \u00fanico)<\/p>\n","protected":false},"author":299,"featured_media":0,"parent":0,"menu_order":0,"comment_status":"closed","ping_status":"closed","template":"","meta":[],"acf":[],"_links":{"self":[{"href":"https:\/\/isfdhasenkamp-ers.infd.edu.ar\/sitio\/wp-json\/wp\/v2\/pages\/2388"}],"collection":[{"href":"https:\/\/isfdhasenkamp-ers.infd.edu.ar\/sitio\/wp-json\/wp\/v2\/pages"}],"about":[{"href":"https:\/\/isfdhasenkamp-ers.infd.edu.ar\/sitio\/wp-json\/wp\/v2\/types\/page"}],"author":[{"embeddable":true,"href":"https:\/\/isfdhasenkamp-ers.infd.edu.ar\/sitio\/wp-json\/wp\/v2\/users\/299"}],"replies":[{"embeddable":true,"href":"https:\/\/isfdhasenkamp-ers.infd.edu.ar\/sitio\/wp-json\/wp\/v2\/comments?post=2388"}],"version-history":[{"count":3,"href":"https:\/\/isfdhasenkamp-ers.infd.edu.ar\/sitio\/wp-json\/wp\/v2\/pages\/2388\/revisions"}],"predecessor-version":[{"id":2393,"href":"https:\/\/isfdhasenkamp-ers.infd.edu.ar\/sitio\/wp-json\/wp\/v2\/pages\/2388\/revisions\/2393"}],"wp:attachment":[{"href":"https:\/\/isfdhasenkamp-ers.infd.edu.ar\/sitio\/wp-json\/wp\/v2\/media?parent=2388"}],"curies":[{"name":"wp","href":"https:\/\/api.w.org\/{rel}","templated":true}]}}