{"id":935,"date":"2018-08-30T13:42:00","date_gmt":"2018-08-30T16:42:00","guid":{"rendered":"https:\/\/isfdhasenkamp-ers.infd.edu.ar\/sitio\/autoridades\/"},"modified":"2026-03-10T15:13:35","modified_gmt":"2026-03-10T18:13:35","slug":"autoridades","status":"publish","type":"page","link":"https:\/\/isfdhasenkamp-ers.infd.edu.ar\/sitio\/autoridades\/","title":{"rendered":"Autoridades"},"content":{"rendered":"<p style=\"text-align: center;\"><span style=\"text-decoration: underline;\"><span style=\"font-family: helvetica; font-size: 10pt;\" data-mce-mark=\"1\"><strong><span data-mce-mark=\"1\"><em>Rector<\/em><\/span><\/strong><\/span><\/span><\/p>\n<p style=\"text-align: center;\"><span style=\"font-family: helvetica; font-size: 10pt;\" data-mce-mark=\"1\"><strong><span data-mce-mark=\"1\"><em>\u00a0<\/em> Prof. Bruno Feresin (<\/span><\/strong><\/span><span style=\"font-family: helvetica; font-size: 10pt;\" data-mce-mark=\"1\"><em>e-mail<\/em>: <a href=\"ies.bottegal.pn@entrerios.edu.ar\">ies.bottegal.pn@entrerios.edu.ar<\/a> ) <strong><a href=\"mailto:guillermoofritzler@hotmail.com\"><br \/><\/a><\/strong><\/span><\/p>\n<p style=\"text-align: center;\"><span style=\"text-decoration: underline;\"><span style=\"font-family: helvetica; font-size: 10pt;\" data-mce-mark=\"1\"><strong><span data-mce-mark=\"1\"><em>Secretar\u00eda Administrativa<\/em><\/span><\/strong><\/span><\/span><\/p>\n<p style=\"text-align: center;\"><span style=\"font-family: helvetica; font-size: 10pt;\"><strong><span data-mce-mark=\"1\">Prof. Solange Ortiz\u00a0 (<\/span><\/strong><\/span><span style=\"font-family: helvetica; font-size: 10pt;\" data-mce-mark=\"1\"><span data-mce-mark=\"1\">e-mail: secretariaadmiesbottegal@gmail.com<\/span><\/span><span style=\"font-size: 10pt;\">)\u00a0<\/span><\/p>\n<p style=\"text-align: center;\"><em><span style=\"text-decoration: underline;\"><strong><span style=\"font-family: helvetica; font-size: 10pt;\" data-mce-mark=\"1\">Secretar\u00eda Acad\u00e9mica<\/span><\/strong><\/span><\/em><\/p>\n<p style=\"text-align: center;\"><span style=\"font-family: helvetica; font-size: 10pt;\"><strong><span data-mce-mark=\"1\">Prof. J\u00e9sica Ledezma (e-mail: secretariaacademicaiesbottegal@gmail.com<a class=\"o_h J_x mq_CZ G_e r_BN C_Z281SGl S4_n\" title=\"marielagotte@hotmail.com\" data-test-id=\"contact-card-email\">)<\/a><br \/><\/span><\/strong><\/span><\/p>\n<p style=\"text-align: center;\"><span style=\"text-decoration: underline;\"><span style=\"font-family: helvetica; font-size: 10pt;\" data-mce-mark=\"1\"><strong><em>Preceptores:<\/em><\/strong><\/span><\/span><\/p>\n<p style=\"text-align: center;\"><span style=\"font-family: helvetica; font-size: 10pt;\"><strong><span data-mce-mark=\"1\">Prof. Jacqueline Tomasini (<\/span><\/strong><\/span><span style=\"font-family: helvetica; font-size: 10pt;\" data-mce-mark=\"1\"><span data-mce-mark=\"1\"><span data-mce-mark=\"1\"><span data-mce-mark=\"1\">e-mail: <a href=\"tomasinij@yahoo.com.ar\"><span style=\"font-size: 10pt;\">tomasinij<\/span><\/a><\/span><\/span><\/span><\/span><span style=\"font-size: 10pt;\">@yahoo.com.ar )<\/span><\/p>\n<p style=\"text-align: center;\"><span style=\"font-family: helvetica; font-size: 10pt;\"><strong><span data-mce-mark=\"1\">Prof. Carlos Moises\u00a0 (<\/span><\/strong><\/span><span style=\"font-family: helvetica; font-size: 10pt;\" data-mce-mark=\"1\"><span data-mce-mark=\"1\">e-mail: losmoises@hotmail.com<\/span><\/span><span style=\"font-size: 10pt;\">)\u00a0<\/span><\/p>\n<p style=\"text-align: center;\"><strong><em><span style=\"text-decoration: underline;\"><span style=\"font-family: helvetica; font-size: 10pt;\">Referente T\u00e9cnico &#8211; Conectar Igualdad<\/span><\/span><\/em><\/strong><\/p>\n<p style=\"text-align: center;\"><span style=\"font-family: helvetica; font-size: 10pt;\" data-mce-mark=\"1\"><strong>Prof. Omar Schoenfeldt (<\/strong><\/span><span style=\"font-family: helvetica; font-size: 10pt;\" data-mce-mark=\"1\"><em>e-mail: <span data-mce-mark=\"1\"><a href=\"omarschoenfeldt@gmail.com\">omarschoenfeldt2@gmail.com <\/a>)<\/span><\/em><\/span><\/p>\n<p style=\"text-align: center;\"><span style=\"font-family: helvetica; font-size: 10pt;\" data-mce-mark=\"1\"><em><span data-mce-mark=\"1\">\u00a0<\/span><\/em><\/span><span style=\"text-decoration: underline;\"><span style=\"font-family: helvetica; font-size: 10pt;\"><strong><span data-mce-mark=\"1\"><em><span data-mce-mark=\"1\"><span data-mce-mark=\"1\">Coordinadora del campo de la pr\u00e1ctica docente<\/span><\/span><\/em><\/span><\/strong><\/span><\/span><\/p>\n<p style=\"text-align: center;\"><span style=\"font-family: helvetica; font-size: 10pt;\" data-mce-mark=\"1\"><em><span data-mce-mark=\"1\"><span data-mce-mark=\"1\"><strong>Prof. Silvina Mantovani (<\/strong><\/span><\/span><\/em><\/span><span style=\"font-family: helvetica; font-size: 10pt;\" data-mce-mark=\"1\"><em><span data-mce-mark=\"1\">e-mail: <a href=\"silmanto@yahoo.com.ar\">silmanto@yahoo.com.ar<\/a> )<\/span><\/em><\/span><\/p>\n<p style=\"text-align: center;\"><span style=\"text-decoration: underline;\"><span style=\"font-family: helvetica; font-size: 10pt;\" data-mce-mark=\"1\"><strong><span data-mce-mark=\"1\"><em>Coordinador de la Tecnicatura Superior en Enfermer\u00eda<\/em><\/span><\/strong><\/span><\/span><\/p>\n<p style=\"text-align: center;\"><span style=\"font-family: helvetica; font-size: 10pt;\" data-mce-mark=\"1\"><strong><span data-mce-mark=\"1\"><em>Lic. Brenda Guerrero\u00a0\u00a0<\/em><\/span><\/strong><\/span><\/p>\n<p style=\"text-align: center;\"><span style=\"text-decoration: underline;\"><span style=\"font-family: helvetica; font-size: 10pt;\" data-mce-mark=\"1\"><strong><em>Consejo Evaluador Institucional<\/em><\/strong><\/span><\/span><\/p>\n<p style=\"text-align: center;\"><span style=\"font-family: helvetica; font-size: 10pt;\"><strong>Prof. Esteban Rodriguez\u00a0<\/strong><\/span><\/p>\n<p style=\"text-align: center;\"><span style=\"font-family: helvetica; font-size: 10pt;\"><strong>Prof. Federico Goroz<br \/><\/strong><\/span><\/p>\n<p style=\"text-align: center;\"><span style=\"font-family: helvetica; font-size: 10pt;\"><strong>Prof. Patricia Rubel<br \/><\/strong><\/span><\/p>\n<p style=\"text-align: center;\"><span style=\"text-decoration: underline;\"><span style=\"font-family: helvetica; font-size: 10pt;\"><strong style=\"font-family: 'book antiqua', palatino; font-size: 10pt; text-decoration: underline;\"><span data-mce-mark=\"1\"><span data-mce-mark=\"1\">Consejo Directivo Institucional<\/span><\/span><\/strong><\/span><\/span><\/p>\n<p style=\"text-align: center;\"><span style=\"font-family: helvetica; font-size: 10pt;\" data-mce-mark=\"1\"><strong>Rector: Prof. Bruno Feresin\u00a0 \u00a0 \u00a0 \u00a0 \u00a0 <br \/><\/strong><\/span><\/p>\n<p style=\"text-align: center;\"><span style=\"font-family: helvetica; font-size: 10pt;\"><span data-mce-mark=\"1\"><strong>\u00a0<\/strong><\/span><em><span data-mce-mark=\"1\">Representantes Docentes:<\/span><\/em><\/span><\/p>\n<p style=\"text-align: center;\"><span style=\"font-family: helvetica; font-size: 10pt;\"><strong>\u00a0Prof. Omar Schoenfeldt\u00a0 <em>(Prof. de Geograf\u00eda)<\/em><\/strong><\/span><\/p>\n<p style=\"text-align: center;\"><span style=\"font-family: helvetica; font-size: 10pt;\" data-mce-mark=\"1\"><strong>Prof. Brenda Guerrero <em>(Tec. en Enfermer\u00eda)<\/em><\/strong><\/span><\/p>\n<p style=\"text-align: center;\"><span style=\"font-family: helvetica; font-size: 10pt;\" data-mce-mark=\"1\"><strong>\u00a0Prof. Sof\u00eda Moreira <em>(Prof. de Historia)<\/em><\/strong><\/span><\/p>\n<p style=\"text-align: center;\"><span style=\"font-family: helvetica; font-size: 10pt;\" data-mce-mark=\"1\"><strong><strong>Prof. V\u00edctor Cislaghi <em>(Prof. de Econom\u00eda)<\/em><\/strong><\/strong><\/span><\/p>\n<p style=\"text-align: center;\"><span style=\"font-family: helvetica; font-size: 10pt;\" data-mce-mark=\"1\"><em><strong style=\"font-family: 'book antiqua', palatino; font-size: 10pt;\">Representante Graduado<\/strong><strong style=\"font-family: 'book antiqua', palatino; font-size: 10pt;\">:<\/strong><\/em><\/span><\/p>\n<p style=\"text-align: center;\"><span style=\"font-family: helvetica; font-size: 10pt;\"><span data-mce-mark=\"1\"><em><strong style=\"font-family: 'book antiqua', palatino; font-size: 10pt;\">\u00a0<\/strong><\/em><\/span><strong style=\"font-family: 'book antiqua', palatino; font-size: 10pt;\">Prof. Juan Ignacio Ruiz Moreno<br \/><\/strong><\/span><\/p>\n<p style=\"text-align: center;\"><span style=\"font-family: helvetica; font-size: 10pt;\" data-mce-mark=\"1\"><em><span data-mce-mark=\"1\">Representantes Estudiantes:\u00a0<\/span><\/em><\/span><\/p>\n<p style=\"text-align: center;\"><span style=\"font-family: helvetica; font-size: 10pt;\"><strong style=\"font-family: 'book antiqua', palatino; font-size: 10pt; text-align: center;\">J\u00e9sica Romero-Jacqueline Monz\u00f3n<\/strong><\/span><\/p>\n\n\n<p><\/p>\n","protected":false},"excerpt":{"rendered":"<p>Rector \u00a0 Prof. Bruno Feresin (e-mail: ies.bottegal.pn@entrerios.edu.ar ) Secretar\u00eda Administrativa Prof. Solange Ortiz\u00a0 (e-mail: secretariaadmiesbottegal@gmail.com)\u00a0 Secretar\u00eda Acad\u00e9mica Prof. J\u00e9sica Ledezma (e-mail: secretariaacademicaiesbottegal@gmail.com) Preceptores: Prof. Jacqueline Tomasini (e-mail: tomasinij@yahoo.com.ar ) Prof. Carlos Moises\u00a0 (e-mail: losmoises@hotmail.com)\u00a0 Referente T\u00e9cnico &#8211; Conectar Igualdad Prof. Omar Schoenfeldt (e-mail: omarschoenfeldt2@gmail.com ) \u00a0Coordinadora del campo de la pr\u00e1ctica docente Prof. Silvina Mantovani &#8230; <a title=\"Autoridades\" class=\"read-more\" href=\"https:\/\/isfdhasenkamp-ers.infd.edu.ar\/sitio\/autoridades\/\" aria-label=\"More on Autoridades\">[+]<\/a><\/p>\n","protected":false},"author":299,"featured_media":0,"parent":0,"menu_order":0,"comment_status":"closed","ping_status":"closed","template":"","meta":[],"acf":[],"_links":{"self":[{"href":"https:\/\/isfdhasenkamp-ers.infd.edu.ar\/sitio\/wp-json\/wp\/v2\/pages\/935"}],"collection":[{"href":"https:\/\/isfdhasenkamp-ers.infd.edu.ar\/sitio\/wp-json\/wp\/v2\/pages"}],"about":[{"href":"https:\/\/isfdhasenkamp-ers.infd.edu.ar\/sitio\/wp-json\/wp\/v2\/types\/page"}],"author":[{"embeddable":true,"href":"https:\/\/isfdhasenkamp-ers.infd.edu.ar\/sitio\/wp-json\/wp\/v2\/users\/299"}],"replies":[{"embeddable":true,"href":"https:\/\/isfdhasenkamp-ers.infd.edu.ar\/sitio\/wp-json\/wp\/v2\/comments?post=935"}],"version-history":[{"count":23,"href":"https:\/\/isfdhasenkamp-ers.infd.edu.ar\/sitio\/wp-json\/wp\/v2\/pages\/935\/revisions"}],"predecessor-version":[{"id":2577,"href":"https:\/\/isfdhasenkamp-ers.infd.edu.ar\/sitio\/wp-json\/wp\/v2\/pages\/935\/revisions\/2577"}],"wp:attachment":[{"href":"https:\/\/isfdhasenkamp-ers.infd.edu.ar\/sitio\/wp-json\/wp\/v2\/media?parent=935"}],"curies":[{"name":"wp","href":"https:\/\/api.w.org\/{rel}","templated":true}]}}